{"id":7346,"date":"2021-01-20T17:36:46","date_gmt":"2021-01-20T16:36:46","guid":{"rendered":"https:\/\/annamcara.ch\/htm\/?page_id=7346"},"modified":"2021-09-06T11:17:15","modified_gmt":"2021-09-06T10:17:15","slug":"kraeuter-newsletter","status":"publish","type":"page","link":"https:\/\/annamcara.ch\/htm\/seminare-bis2014\/kraeuter-newsletter\/","title":{"rendered":"Kr\u00e4uter-Newsletter"},"content":{"rendered":"<div id=\"pl-7346\"  class=\"panel-layout\" ><div id=\"pg-7346-0\"  class=\"panel-grid panel-no-style\" ><div id=\"pgc-7346-0-0\"  class=\"panel-grid-cell\" ><div id=\"panel-7346-0-0-0\" class=\"so-panel widget widget_sow-editor panel-first-child panel-last-child\" data-index=\"0\" ><div\n\t\t\t\n\t\t\tclass=\"so-widget-sow-editor so-widget-sow-editor-base\"\n\t\t\t\n\t\t>\n<div class=\"siteorigin-widget-tinymce textwidget\">\n\t<h3 style=\"color: #ffcc33;\"><strong>Kr\u00e4uterinputs & Rezepte<\/strong><\/h3>\n<p><span style=\"font-size: 1.1rem;\">Du m\u00f6chtest Dich gerne langsam an das Thema Wild- & Gartenkr\u00e4uter mit ihren Energien und Kr\u00e4ften heran tasten, dann ist dieser <b>Kr\u00e4uter-Newsletter<\/b> genau das Richtige. Pro Monat erf\u00e4hrst Du zu einem saisonalen Kraut Wissenswertes und diverse Rezepte, welche Deinem K\u00f6rper innen oder aussen gut tun, zur sofortigen Umsetzung.<\/span><\/p>\n<p><span style=\"font-size: 1.1rem;\">Die Pflanzenwesen m\u00f6chten wieder mehr gesehen und erkannt werden. Sie m\u00f6chten uns wieder aktiv durch unseren Alltag begleiten d\u00fcrfen und uns hilfreich zur Seite stehen. Lassen wir uns auf diesen interessanten Austausch ein - sei dabei!<br \/>\nGemeinsam - Monat f\u00fcr Monat - Kr\u00e4uterwissen aktivieren. Austausch in der entsprechenden WhatsApp-Gruppe.<\/span><\/p>\n<\/div>\n<\/div><\/div><\/div><\/div><div id=\"pg-7346-1\"  class=\"panel-grid panel-no-style\" ><div id=\"pgc-7346-1-0\"  class=\"panel-grid-cell\" ><div id=\"panel-7346-1-0-0\" class=\"so-panel widget widget_sow-image panel-first-child panel-last-child\" data-index=\"1\" ><div\n\t\t\t\n\t\t\tclass=\"so-widget-sow-image so-widget-sow-image-default-8b5b6f678277-7346\"\n\t\t\t\n\t\t>\n<div class=\"sow-image-container\">\n\t\t<img \n\tsrc=\"https:\/\/annamcara.ch\/htm\/wp-content\/uploads\/AnnamCara-Seminare-Kraeuter-NL-Spruchbild.png\" width=\"900\" height=\"600\" srcset=\"https:\/\/annamcara.ch\/htm\/wp-content\/uploads\/AnnamCara-Seminare-Kraeuter-NL-Spruchbild.png 900w, https:\/\/annamcara.ch\/htm\/wp-content\/uploads\/AnnamCara-Seminare-Kraeuter-NL-Spruchbild-300x200.png 300w, https:\/\/annamcara.ch\/htm\/wp-content\/uploads\/AnnamCara-Seminare-Kraeuter-NL-Spruchbild-768x512.png 768w, https:\/\/annamcara.ch\/htm\/wp-content\/uploads\/AnnamCara-Seminare-Kraeuter-NL-Spruchbild-272x182.png 272w\" sizes=\"(max-width: 706px) 89vw, (max-width: 767px) 82vw, 740px\" title=\"Seminare - Kr\u00e4uter-Newsletter - Spruchbild - Anna&#039;m&#039;Cara\" alt=\"Seminare - Kr\u00e4uter-Newsletter - Spruchbild - Anna&#039;m&#039;Cara\" \t\tclass=\"so-widget-image\"\/>\n\t<\/div>\n\n<\/div><\/div><\/div><div id=\"pgc-7346-1-1\"  class=\"panel-grid-cell\" ><div id=\"panel-7346-1-1-0\" class=\"so-panel widget widget_sow-image panel-first-child panel-last-child\" data-index=\"2\" ><div\n\t\t\t\n\t\t\tclass=\"so-widget-sow-image so-widget-sow-image-default-8b5b6f678277-7346\"\n\t\t\t\n\t\t>\n<div class=\"sow-image-container\">\n\t\t<img \n\tsrc=\"https:\/\/annamcara.ch\/htm\/wp-content\/uploads\/AnnamCara-Seminare-Kraeuter-NL-Weisheit.png\" width=\"900\" height=\"600\" srcset=\"https:\/\/annamcara.ch\/htm\/wp-content\/uploads\/AnnamCara-Seminare-Kraeuter-NL-Weisheit.png 900w, https:\/\/annamcara.ch\/htm\/wp-content\/uploads\/AnnamCara-Seminare-Kraeuter-NL-Weisheit-300x200.png 300w, https:\/\/annamcara.ch\/htm\/wp-content\/uploads\/AnnamCara-Seminare-Kraeuter-NL-Weisheit-768x512.png 768w, https:\/\/annamcara.ch\/htm\/wp-content\/uploads\/AnnamCara-Seminare-Kraeuter-NL-Weisheit-272x182.png 272w\" sizes=\"(max-width: 706px) 89vw, (max-width: 767px) 82vw, 740px\" title=\"Seminare - Kr\u00e4uter-Newsletter - Weisheit - Anna&#039;m&#039;Cara\" alt=\"Seminare - Kr\u00e4uter-Newsletter - Weisheit - Anna&#039;m&#039;Cara\" \t\tclass=\"so-widget-image\"\/>\n\t<\/div>\n\n<\/div><\/div><\/div><\/div><div id=\"pg-7346-2\"  class=\"panel-grid panel-no-style\" ><div id=\"pgc-7346-2-0\"  class=\"panel-grid-cell\" ><div id=\"panel-7346-2-0-0\" class=\"so-panel widget widget_sow-editor panel-first-child panel-last-child\" data-index=\"3\" ><div\n\t\t\t\n\t\t\tclass=\"so-widget-sow-editor so-widget-sow-editor-base\"\n\t\t\t\n\t\t>\n<div class=\"siteorigin-widget-tinymce textwidget\">\n\t<hr \/>\n<\/div>\n<\/div><\/div><\/div><\/div><div id=\"pg-7346-3\"  class=\"panel-grid panel-no-style\" ><div id=\"pgc-7346-3-0\"  class=\"panel-grid-cell\" ><div id=\"panel-7346-3-0-0\" class=\"so-panel widget widget_sow-editor panel-first-child panel-last-child\" data-index=\"4\" ><div\n\t\t\t\n\t\t\tclass=\"so-widget-sow-editor so-widget-sow-editor-base\"\n\t\t\t\n\t\t>\n<div class=\"siteorigin-widget-tinymce textwidget\">\n\t<h3 style=\"color: #ffcc33;\"><strong>Jahres-Abonnement<\/strong><\/h3>\n<p><span style=\"font-size: 1.1rem;\"><b>Ablauf:<\/b><\/span><br \/>\n<span style=\"font-size: 1.1rem;\">Nach definitiver Anmeldung und Zahlung der Kosten, erh\u00e4ltst Du monatlich den Kr\u00e4uter-Newsletter per Mail. Jeweils mit der genauen Erkl\u00e4rung zu einer Pflanze und ein Rezept, zur Umsetzung. Austausch in der WhatsApp-Gruppe.<\/span><\/p>\n<p><span style=\"font-size: 1.1rem;\"><b>Inhalt:<\/b><\/span><br \/>\n<span style=\"font-size: 1.1rem;\">12 Newsletter im 2021 bzw. entsprechend der Anmeldung<br \/>\nVersand jeweils am 5. des Monats<\/span><\/p>\n<p><span style=\"font-size: 1.1rem;\"><b>Start:<\/b><\/span><br \/>\n<span style=\"font-size: 1.1rem;\">Versand 1. Newsletter - <strong>5. April 2021<\/strong><\/span><\/p>\n<\/div>\n<\/div><\/div><\/div><div id=\"pgc-7346-3-1\"  class=\"panel-grid-cell\" ><div id=\"panel-7346-3-1-0\" class=\"so-panel widget widget_sow-editor panel-first-child panel-last-child\" data-index=\"5\" ><div\n\t\t\t\n\t\t\tclass=\"so-widget-sow-editor so-widget-sow-editor-base\"\n\t\t\t\n\t\t>\n<div class=\"siteorigin-widget-tinymce textwidget\">\n\t<h3 style=\"color: #ffcc33;\"><strong>\u00a0<\/strong><\/h3>\n<p><span style=\"font-size: 1.1rem;\"><b>Kosten:<\/b><br \/>\n<\/span><br \/>\n<span style=\"color: #ffcc33; font-size: 1.5rem;\"><strong>CHF\/EUR\u00a0\u00a0240.--<\/strong><\/span><br \/>\n<span style=\"font-size: 1.1rem;\">(bzw. pro rata temporis f\u00fcr laufendes Kalenderjahr)<br \/>\n&nbsp;<br \/><\/span><\/p>\n<p><span style=\"font-size: 1.1rem;\"><b>Zahlung:<\/b><\/span><br \/>\n<span style=\"font-size: 1.1rem;\">Via Paypal, Twint oder Bank\u00fcberweisung.<br \/>\nZahlungsdetails im Best\u00e4tigungsmail.<\/span><\/p>\n<p><span style=\"font-size: 1.1rem;\"><b>Anmeldung:<\/b><\/span><br \/>\n<span style=\"font-size: 1.1rem;\">jeweils bis sp\u00e4testens 1. des Monats m\u00f6glich<\/span><\/p>\n<\/div>\n<\/div><\/div><\/div><\/div><div id=\"pg-7346-4\"  class=\"panel-grid panel-no-style\" ><div id=\"pgc-7346-4-0\"  class=\"panel-grid-cell panel-grid-cell-empty\" ><\/div><div id=\"pgc-7346-4-1\"  class=\"panel-grid-cell panel-grid-cell-mobile-last\" ><div id=\"panel-7346-4-1-0\" class=\"so-panel widget widget_sow-button panel-first-child panel-last-child\" data-index=\"6\" ><div\n\t\t\t\n\t\t\tclass=\"so-widget-sow-button so-widget-sow-button-atom-77ccf0941dba-7346\"\n\t\t\t\n\t\t><div class=\"ow-button-base ow-button-align-center\"\n>\n\t\t\t<a\n\t\t\t\t\thref=\"mailto:info@annamcara.ch?subject=Anmeldung%20-%20Kr\u00e4uter-Newsletter\"\n\t\t\t\t\tclass=\"sowb-button ow-icon-placement-left ow-button-hover\" target=\"_blank\" rel=\"noopener noreferrer\" \t>\n\t\t<span>\n\t\t\t\n\t\t\tJetzt kostenpflichtig anmelden!\t\t<\/span>\n\t\t\t<\/a>\n\t<\/div>\n<\/div><\/div><\/div><div id=\"pgc-7346-4-2\"  class=\"panel-grid-cell panel-grid-cell-empty\" ><\/div><\/div><\/div>","protected":false},"excerpt":{"rendered":"<p>Kr\u00e4uterinputs &#038; Rezepte Du m\u00f6chtest Dich gerne langsam an das Thema Wild- &#038; Gartenkr\u00e4uter mit ihren Energien und Kr\u00e4ften heran tasten, dann ist dieser Kr\u00e4uter-Newsletter genau das Richtige. Pro Monat erf\u00e4hrst Du zu einem saisonalen Kraut Wissenswertes und diverse Rezepte, welche Deinem K\u00f6rper innen oder aussen gut tun, zur sofortigen Umsetzung. Die Pflanzenwesen m\u00f6chten wieder &hellip; <\/p>\n<p class=\"link-more\"><a href=\"https:\/\/annamcara.ch\/htm\/seminare-bis2014\/kraeuter-newsletter\/\" class=\"more-link\"><span class=\"screen-reader-text\">\u201eKr\u00e4uter-Newsletter\u201c<\/span> weiterlesen<\/a><\/p>\n","protected":false},"author":2,"featured_media":0,"parent":107,"menu_order":2,"comment_status":"closed","ping_status":"closed","template":"","meta":{"ngg_post_thumbnail":0,"footnotes":""},"class_list":["post-7346","page","type-page","status-publish","hentry"],"_links":{"self":[{"href":"https:\/\/annamcara.ch\/htm\/wp-json\/wp\/v2\/pages\/7346","targetHints":{"allow":["GET"]}}],"collection":[{"href":"https:\/\/annamcara.ch\/htm\/wp-json\/wp\/v2\/pages"}],"about":[{"href":"https:\/\/annamcara.ch\/htm\/wp-json\/wp\/v2\/types\/page"}],"author":[{"embeddable":true,"href":"https:\/\/annamcara.ch\/htm\/wp-json\/wp\/v2\/users\/2"}],"replies":[{"embeddable":true,"href":"https:\/\/annamcara.ch\/htm\/wp-json\/wp\/v2\/comments?post=7346"}],"version-history":[{"count":25,"href":"https:\/\/annamcara.ch\/htm\/wp-json\/wp\/v2\/pages\/7346\/revisions"}],"predecessor-version":[{"id":10692,"href":"https:\/\/annamcara.ch\/htm\/wp-json\/wp\/v2\/pages\/7346\/revisions\/10692"}],"up":[{"embeddable":true,"href":"https:\/\/annamcara.ch\/htm\/wp-json\/wp\/v2\/pages\/107"}],"wp:attachment":[{"href":"https:\/\/annamcara.ch\/htm\/wp-json\/wp\/v2\/media?parent=7346"}],"curies":[{"name":"wp","href":"https:\/\/api.w.org\/{rel}","templated":true}]}}