{"id":329,"date":"2017-08-28T09:33:29","date_gmt":"2017-08-28T09:33:29","guid":{"rendered":"http:\/\/annamcara.ch\/htm\/?page_id=329"},"modified":"2019-11-19T11:32:15","modified_gmt":"2019-11-19T11:32:15","slug":"schamanische-heilarbeit","status":"publish","type":"page","link":"https:\/\/annamcara.ch\/htm\/einzelbegleitung\/methode\/schamanische-heilarbeit\/","title":{"rendered":"Schamanische Heil- &#038; Ritualarbeit"},"content":{"rendered":"<div id=\"pl-329\"  class=\"panel-layout\" ><div id=\"pg-329-0\"  class=\"panel-grid panel-no-style\" ><div id=\"pgc-329-0-0\"  class=\"panel-grid-cell\" ><div id=\"panel-329-0-0-0\" class=\"so-panel widget widget_sow-editor panel-first-child panel-last-child\" data-index=\"0\" ><div\n\t\t\t\n\t\t\tclass=\"so-widget-sow-editor so-widget-sow-editor-base\"\n\t\t\t\n\t\t>\n<div class=\"siteorigin-widget-tinymce textwidget\">\n\t<h3 style=\"color: #009900; font-family: Century Gothic;\"><strong>Schamanismus<\/strong><\/h3>\n<p>Die Verbindung zur ureigenen Spiritualit\u00e4t, im Einklang sein mit den Wurzeln unserer Kultur, das Wahrnehmen von allem was ist und lebt sowie das Weitergeben des Wissens unserer Ahnen. - Das ist f\u00fcr mich gelebter Schamanismus.<\/p>\n<\/div>\n<\/div><\/div><\/div><\/div><div id=\"pg-329-1\"  class=\"panel-grid panel-no-style\" ><div id=\"pgc-329-1-0\"  class=\"panel-grid-cell\" ><div id=\"panel-329-1-0-0\" class=\"so-panel widget widget_sow-image panel-first-child panel-last-child\" data-index=\"1\" ><div\n\t\t\t\n\t\t\tclass=\"so-widget-sow-image so-widget-sow-image-default-8b5b6f678277-329\"\n\t\t\t\n\t\t>\n<div class=\"sow-image-container\">\n\t\t<img \n\tsrc=\"https:\/\/annamcara.ch\/htm\/wp-content\/uploads\/AnnamCara-Methode-Schamanismus-Spruchbild.png\" width=\"900\" height=\"600\" srcset=\"https:\/\/annamcara.ch\/htm\/wp-content\/uploads\/AnnamCara-Methode-Schamanismus-Spruchbild.png 900w, https:\/\/annamcara.ch\/htm\/wp-content\/uploads\/AnnamCara-Methode-Schamanismus-Spruchbild-300x200.png 300w, https:\/\/annamcara.ch\/htm\/wp-content\/uploads\/AnnamCara-Methode-Schamanismus-Spruchbild-768x512.png 768w, https:\/\/annamcara.ch\/htm\/wp-content\/uploads\/AnnamCara-Methode-Schamanismus-Spruchbild-272x182.png 272w\" sizes=\"(max-width: 706px) 89vw, (max-width: 767px) 82vw, 740px\" title=\"Foto - Angebot - Methode - Schamanische Heil- &amp; Ritualarbeit - Anna&#039;m&#039;Cara\" alt=\"Foto - Angebot - Methode - Schamanische Heil- &amp; Ritualarbeit - Anna&#039;m&#039;Cara\" \t\tclass=\"so-widget-image\"\/>\n\t<\/div>\n\n<\/div><\/div><\/div><div id=\"pgc-329-1-1\"  class=\"panel-grid-cell\" ><div id=\"panel-329-1-1-0\" class=\"so-panel widget widget_sow-image panel-first-child panel-last-child\" data-index=\"2\" ><div\n\t\t\t\n\t\t\tclass=\"so-widget-sow-image so-widget-sow-image-default-8b5b6f678277-329\"\n\t\t\t\n\t\t>\n<div class=\"sow-image-container\">\n\t\t<img \n\tsrc=\"https:\/\/annamcara.ch\/htm\/wp-content\/uploads\/AnnamCara-Methode-Schamanismus-Weisheit.png\" width=\"900\" height=\"600\" srcset=\"https:\/\/annamcara.ch\/htm\/wp-content\/uploads\/AnnamCara-Methode-Schamanismus-Weisheit.png 900w, https:\/\/annamcara.ch\/htm\/wp-content\/uploads\/AnnamCara-Methode-Schamanismus-Weisheit-300x200.png 300w, https:\/\/annamcara.ch\/htm\/wp-content\/uploads\/AnnamCara-Methode-Schamanismus-Weisheit-768x512.png 768w, https:\/\/annamcara.ch\/htm\/wp-content\/uploads\/AnnamCara-Methode-Schamanismus-Weisheit-272x182.png 272w\" sizes=\"(max-width: 706px) 89vw, (max-width: 767px) 82vw, 740px\" title=\"Weisheit - Angebot - Methode - Schamanische Heil- &amp; Ritualarbeit - Anna&#039;m&#039;Cara\" alt=\"Weisheit - Angebot - Methode - Schamanische Heil- &amp; Ritualarbeit - Anna&#039;m&#039;Cara\" \t\tclass=\"so-widget-image\"\/>\n\t<\/div>\n\n<\/div><\/div><\/div><\/div><div id=\"pg-329-2\"  class=\"panel-grid panel-no-style\" ><div id=\"pgc-329-2-0\"  class=\"panel-grid-cell\" ><div id=\"panel-329-2-0-0\" class=\"so-panel widget widget_sow-editor panel-first-child panel-last-child\" data-index=\"3\" ><div\n\t\t\t\n\t\t\tclass=\"so-widget-sow-editor so-widget-sow-editor-base\"\n\t\t\t\n\t\t>\n<div class=\"siteorigin-widget-tinymce textwidget\">\n\t<p><span style=\"color: #009900; font-family: Century Gothic;\"><strong>Der keltische Schamanismus ist das Erbe unserer Vorfahren, unserer Ahnen, hier im europ\u00e4ischen Raum. Hier finden wir die Wurzeln unserer Kultur und unseres Weltbildes - unser spirituelles Erbe.<\/strong><\/span><\/p>\n<p>Gelebter Schamanismus bedeutet im Einklang mit der Natur und den kosmischen Gesetzen zu sein und allem mit Respekt und W\u00fcrde zu begegnen. Denn im Schamanismus wird alles was ist, als lebendig und miteinander verbunden bzw. beseelt angesehen. Alles hat einen Geist, eine Seele - die Erde, der Mensch, das Tier, die Pflanzen & B\u00e4ume, Steine & Felsen, Gegenst\u00e4nde, Situationen - einfach alles.<\/p>\n<p>Der keltische Schamanismus ist die Kunst und die Kraft des Wandels. Er wird in tiefer Verbundenheit mit der Natur, insbesondere mit den B\u00e4umen und den Naturgeistern gelebt. Die B\u00e4ume geben Halt und erden. Die Naturgeister f\u00fchren und helfen, die Natur besser zu verstehen. Rituale und Symbole spielen ebenso eine essenzielle Rolle. Aus all dem entsteht die Heilung, kommen die Antworten, Botschaften und die Kraft.<\/p>\n<\/div>\n<\/div><\/div><\/div><\/div><div id=\"pg-329-3\"  class=\"panel-grid panel-no-style\" ><div id=\"pgc-329-3-0\"  class=\"panel-grid-cell\" ><div id=\"panel-329-3-0-0\" class=\"so-panel widget widget_sow-editor panel-first-child panel-last-child\" data-index=\"4\" ><div\n\t\t\t\n\t\t\tclass=\"so-widget-sow-editor so-widget-sow-editor-base\"\n\t\t\t\n\t\t>\n<div class=\"siteorigin-widget-tinymce textwidget\">\n\t<hr \/>\n<\/div>\n<\/div><\/div><\/div><\/div><div id=\"pg-329-4\"  class=\"panel-grid panel-no-style\" ><div id=\"pgc-329-4-0\"  class=\"panel-grid-cell\" ><div id=\"panel-329-4-0-0\" class=\"so-panel widget widget_sow-image panel-first-child panel-last-child\" data-index=\"5\" ><div\n\t\t\t\n\t\t\tclass=\"so-widget-sow-image so-widget-sow-image-default-8b5b6f678277-329\"\n\t\t\t\n\t\t>\n<div class=\"sow-image-container\">\n\t\t<img \n\tsrc=\"https:\/\/annamcara.ch\/htm\/wp-content\/uploads\/AnnamCara-Methode-Schamanismus-Heilen-Weisheit.png\" width=\"900\" height=\"600\" srcset=\"https:\/\/annamcara.ch\/htm\/wp-content\/uploads\/AnnamCara-Methode-Schamanismus-Heilen-Weisheit.png 900w, https:\/\/annamcara.ch\/htm\/wp-content\/uploads\/AnnamCara-Methode-Schamanismus-Heilen-Weisheit-300x200.png 300w, https:\/\/annamcara.ch\/htm\/wp-content\/uploads\/AnnamCara-Methode-Schamanismus-Heilen-Weisheit-768x512.png 768w, https:\/\/annamcara.ch\/htm\/wp-content\/uploads\/AnnamCara-Methode-Schamanismus-Heilen-Weisheit-272x182.png 272w\" sizes=\"(max-width: 706px) 89vw, (max-width: 767px) 82vw, 740px\" title=\"Weisheit - Angebot - Methode - Schamanische Heil- &amp; Ritualarbeit - Seele &amp; K\u00f6rper - Anna&#039;m&#039;Cara\" alt=\"Weisheit - Angebot - Methode - Schamanische Heil- &amp; Ritualarbeit - Seele &amp; K\u00f6rper - Anna&#039;m&#039;Cara\" \t\tclass=\"so-widget-image\"\/>\n\t<\/div>\n\n<\/div><\/div><\/div><div id=\"pgc-329-4-1\"  class=\"panel-grid-cell\" ><div id=\"panel-329-4-1-0\" class=\"so-panel widget widget_sow-image panel-first-child panel-last-child\" data-index=\"6\" ><div\n\t\t\t\n\t\t\tclass=\"so-widget-sow-image so-widget-sow-image-default-8b5b6f678277-329\"\n\t\t\t\n\t\t>\n<div class=\"sow-image-container\">\n\t\t<img \n\tsrc=\"https:\/\/annamcara.ch\/htm\/wp-content\/uploads\/AnnamCara-Methode-Schamanismus-Heilen-Spruchbild.png\" width=\"900\" height=\"600\" srcset=\"https:\/\/annamcara.ch\/htm\/wp-content\/uploads\/AnnamCara-Methode-Schamanismus-Heilen-Spruchbild.png 900w, https:\/\/annamcara.ch\/htm\/wp-content\/uploads\/AnnamCara-Methode-Schamanismus-Heilen-Spruchbild-300x200.png 300w, https:\/\/annamcara.ch\/htm\/wp-content\/uploads\/AnnamCara-Methode-Schamanismus-Heilen-Spruchbild-768x512.png 768w, https:\/\/annamcara.ch\/htm\/wp-content\/uploads\/AnnamCara-Methode-Schamanismus-Heilen-Spruchbild-272x182.png 272w\" sizes=\"(max-width: 706px) 89vw, (max-width: 767px) 82vw, 740px\" title=\"Foto - Angebot - Methode - Schamanische Heil- &amp; Ritualarbeit - Seele &amp; K\u00f6rper - Anna&#039;m&#039;Cara\" alt=\"Foto - Angebot - Methode - Schamanische Heil- &amp; Ritualarbeit - Seele &amp; K\u00f6rper - Anna&#039;m&#039;Cara\" \t\tclass=\"so-widget-image\"\/>\n\t<\/div>\n\n<\/div><\/div><\/div><\/div><div id=\"pg-329-5\"  class=\"panel-grid panel-no-style\" ><div id=\"pgc-329-5-0\"  class=\"panel-grid-cell\" ><div id=\"panel-329-5-0-0\" class=\"so-panel widget widget_sow-editor panel-first-child panel-last-child\" data-index=\"7\" ><div\n\t\t\t\n\t\t\tclass=\"so-widget-sow-editor so-widget-sow-editor-base\"\n\t\t\t\n\t\t>\n<div class=\"siteorigin-widget-tinymce textwidget\">\n\t<p>In der schamanischen Heil- & Ritualarbeit wird vor allem Wert darauf gelegt, das Gleichgewicht in unserem K\u00f6rper und in unseren Systemen herzustellen.<br \/>\nAusgehend davon, dass ein jeder die L\u00f6sung f\u00fcr alle Fragen oder Herausforderungen bereits in sich tr\u00e4gt, wird diese durch Rituale, schamanische Seelen- & Krafttierreisen sowie dem systemischen Wissen sichtbar gemacht. Daher spricht die schamanische Prozessarbeit direkt die Seelenebene an.   die Verbindung zu unseren Ahnen und deren Kraft. Durch das Gesehen werden, das Anerkennen und der Aufmerksamkeit, die wir auf die L\u00f6sung lenken, kann die Heilung beginnen. <\/p>\n<p>Man kann den Schamanismus auch als \u00e4lteste Heilmethode der Menschheit ansehen, ein Erfahrungsschatz vieler Generationen.<br \/>\nDie schamanische Heilarbeit beruht auf dem uralten Wissen, dass K\u00f6rper, Geist & Seele untrennbar miteinander verbunden sind.<br \/>\nStarke Verbundenheit mit der Natur - ganz besonders mit B\u00e4umen und Naturgeistern.<br \/>\nR\u00e4ucherung \u00fcberwiegend mit Harzen, H\u00f6lzern, Rinde - der Geist der B\u00e4ume wird dadurch frei gesetzt.<\/p>\n<\/div>\n<\/div><\/div><\/div><\/div><div id=\"pg-329-6\"  class=\"panel-grid panel-no-style\" ><div id=\"pgc-329-6-0\"  class=\"panel-grid-cell\" ><div id=\"panel-329-6-0-0\" class=\"so-panel widget widget_sow-editor panel-first-child panel-last-child\" data-index=\"8\" ><div\n\t\t\t\n\t\t\tclass=\"so-widget-sow-editor so-widget-sow-editor-base\"\n\t\t\t\n\t\t><h3 class=\"widget-title\">Wichtig:<\/h3>\n<div class=\"siteorigin-widget-tinymce textwidget\">\n\t<p>Der Schamanismus oder auch das Schamanische Heilen sind glaubensfreie Therapieformen, welche beide nur auf den beiden Prinzipien des Wahrnehmens und Wirkens ausge\u00fcbt werden. - <span style=\"font-family: Century Gothic;\"><strong>Dahinter verbirgt sich weder eine Religion, noch ein Glaube.<\/strong><\/span><\/p>\n<\/div>\n<\/div><\/div><\/div><\/div><div id=\"pg-329-7\"  class=\"panel-grid panel-no-style\" ><div id=\"pgc-329-7-0\"  class=\"panel-grid-cell\" ><div id=\"panel-329-7-0-0\" class=\"so-panel widget widget_sow-editor panel-first-child panel-last-child\" data-index=\"9\" ><div\n\t\t\t\n\t\t\tclass=\"so-widget-sow-editor so-widget-sow-editor-base\"\n\t\t\t\n\t\t>\n<div class=\"siteorigin-widget-tinymce textwidget\">\n\t<hr \/>\n<\/div>\n<\/div><\/div><\/div><\/div><div id=\"pg-329-8\"  class=\"panel-grid panel-no-style\" ><div id=\"pgc-329-8-0\"  class=\"panel-grid-cell\" ><div id=\"panel-329-8-0-0\" class=\"so-panel widget widget_sow-editor panel-first-child panel-last-child\" data-index=\"10\" ><div\n\t\t\t\n\t\t\tclass=\"so-widget-sow-editor so-widget-sow-editor-base\"\n\t\t\t\n\t\t>\n<div class=\"siteorigin-widget-tinymce textwidget\">\n\t<h2 style=\"text-align: center;\">Angewandte schamanische Techniken<\/h2>\n<\/div>\n<\/div><\/div><\/div><\/div><div id=\"pg-329-9\"  class=\"panel-grid panel-no-style\" ><div id=\"pgc-329-9-0\"  class=\"panel-grid-cell\" ><div id=\"panel-329-9-0-0\" class=\"so-panel widget widget_sow-editor panel-first-child panel-last-child\" data-index=\"11\" ><div\n\t\t\t\n\t\t\tclass=\"so-widget-sow-editor so-widget-sow-editor-base\"\n\t\t\t\n\t\t>\n<div class=\"siteorigin-widget-tinymce textwidget\">\n\t<h3 style=\"text-align: left;\">Krafttierreisen &amp; Krafttierbotschaften<\/h3>\n<p style=\"text-align: left;\">Viele Schamanische Kulturen sind der \u00dcberzeugung,<br \/>\ndass Menschen und Tiere seelenverwandt sind.<br \/>\nDeshalb wissen sie auch, dass ein jeder Mensch<br \/>\nverschiedene Begleiter hat. So sind Krafttiere unsere Seelenf\u00fchrer, die uns seit der Geburt und unser ganzes Leben lang begleiten. Gemeinsam finden wir das Geburts- und\/oder Seelenkrafttier oder andere Krafttiere, die einem beim aktuellen Thema unterst\u00fctzen.\u00a0 H\u00f6ren und begreifen wir ihre Botschaften.<\/p>\n<\/div>\n<\/div><\/div><\/div><div id=\"pgc-329-9-1\"  class=\"panel-grid-cell\" ><div id=\"panel-329-9-1-0\" class=\"so-panel widget widget_sow-image panel-first-child panel-last-child\" data-index=\"12\" ><div\n\t\t\t\n\t\t\tclass=\"so-widget-sow-image so-widget-sow-image-default-8b5b6f678277-329\"\n\t\t\t\n\t\t>\n<div class=\"sow-image-container\">\n\t\t<img \n\tsrc=\"https:\/\/annamcara.ch\/htm\/wp-content\/uploads\/krafttier-camargue-pferd.jpg\" width=\"900\" height=\"600\" srcset=\"https:\/\/annamcara.ch\/htm\/wp-content\/uploads\/krafttier-camargue-pferd.jpg 900w, https:\/\/annamcara.ch\/htm\/wp-content\/uploads\/krafttier-camargue-pferd-300x200.jpg 300w, https:\/\/annamcara.ch\/htm\/wp-content\/uploads\/krafttier-camargue-pferd-768x512.jpg 768w, https:\/\/annamcara.ch\/htm\/wp-content\/uploads\/krafttier-camargue-pferd-272x182.jpg 272w\" sizes=\"(max-width: 706px) 89vw, (max-width: 767px) 82vw, 740px\" title=\"Beratung - Angebot Schamanismus - Krafttierreise &amp; Botschaften - Anna&#039;m&#039;Cara\" alt=\"Beratung - Angebot Schamanismus - Krafttierreise &amp; Botschaften - Anna&#039;m&#039;Cara\" \t\tclass=\"so-widget-image\"\/>\n\t<\/div>\n\n<\/div><\/div><\/div><\/div><div id=\"pg-329-10\"  class=\"panel-grid panel-no-style\" ><div id=\"pgc-329-10-0\"  class=\"panel-grid-cell\" ><div id=\"panel-329-10-0-0\" class=\"so-panel widget widget_sow-editor panel-first-child panel-last-child\" data-index=\"13\" ><div\n\t\t\t\n\t\t\tclass=\"so-widget-sow-editor so-widget-sow-editor-base\"\n\t\t\t\n\t\t>\n<div class=\"siteorigin-widget-tinymce textwidget\">\n\t<hr \/>\n<\/div>\n<\/div><\/div><\/div><\/div><div id=\"pg-329-11\"  class=\"panel-grid panel-no-style\" ><div id=\"pgc-329-11-0\"  class=\"panel-grid-cell\" ><div id=\"panel-329-11-0-0\" class=\"so-panel widget widget_sow-image panel-first-child panel-last-child\" data-index=\"14\" ><div\n\t\t\t\n\t\t\tclass=\"so-widget-sow-image so-widget-sow-image-default-8b5b6f678277-329\"\n\t\t\t\n\t\t>\n<div class=\"sow-image-container\">\n\t\t<img \n\tsrc=\"https:\/\/annamcara.ch\/htm\/wp-content\/uploads\/seelenanteile-katzen-camargue.jpg\" width=\"900\" height=\"600\" srcset=\"https:\/\/annamcara.ch\/htm\/wp-content\/uploads\/seelenanteile-katzen-camargue.jpg 900w, https:\/\/annamcara.ch\/htm\/wp-content\/uploads\/seelenanteile-katzen-camargue-300x200.jpg 300w, https:\/\/annamcara.ch\/htm\/wp-content\/uploads\/seelenanteile-katzen-camargue-768x512.jpg 768w, https:\/\/annamcara.ch\/htm\/wp-content\/uploads\/seelenanteile-katzen-camargue-272x182.jpg 272w\" sizes=\"(max-width: 706px) 89vw, (max-width: 767px) 82vw, 740px\" title=\"Beratung - Angebot Schamanismus - Seelenteile-R\u00fcckholung - Anna&#039;m&#039;Cara\" alt=\"Beratung - Angebot Schamanismus - Seelenteile-R\u00fcckholung - Anna&#039;m&#039;Cara\" \t\tclass=\"so-widget-image\"\/>\n\t<\/div>\n\n<\/div><\/div><\/div><div id=\"pgc-329-11-1\"  class=\"panel-grid-cell\" ><div id=\"panel-329-11-1-0\" class=\"so-panel widget widget_sow-editor panel-first-child panel-last-child\" data-index=\"15\" ><div\n\t\t\t\n\t\t\tclass=\"so-widget-sow-editor so-widget-sow-editor-base\"\n\t\t\t\n\t\t>\n<div class=\"siteorigin-widget-tinymce textwidget\">\n\t<h3 style=\"text-align: left;\">Seelenteile - R\u00fcckholung<\/h3>\n<p style=\"text-align: left;\">Seelenteileverlust ist uns allen eigentlich bekannt, auch wenn uns dies so bisher nicht bewusst ist. Um einen Seelenanteil zu verlieren, m\u00fcssen nicht immer gravierende Ereignisse wie Traumatas oder Verluste geschehen, manchmal sind es auch die kleinen Dinge.<br \/>\nEbenso k\u00f6nnen wir Seelenanteile verschenken an unsere Partner, Familie, Freunde und nat\u00fcrlich auch an Tiere und Orte. Verschiedene M\u00f6glichkeiten erlauben uns, diese Seelenanteile wieder zur\u00fcckzuholen und zu integrieren.<\/p>\n<\/div>\n<\/div><\/div><\/div><\/div><div id=\"pg-329-12\"  class=\"panel-grid panel-no-style\" ><div id=\"pgc-329-12-0\"  class=\"panel-grid-cell\" ><div id=\"panel-329-12-0-0\" class=\"so-panel widget widget_sow-editor panel-first-child panel-last-child\" data-index=\"16\" ><div\n\t\t\t\n\t\t\tclass=\"so-widget-sow-editor so-widget-sow-editor-base\"\n\t\t\t\n\t\t>\n<div class=\"siteorigin-widget-tinymce textwidget\">\n\t<h3 style=\"text-align: left;\">... und viele Techniken mehr.<\/h3>\n<\/div>\n<\/div><\/div><\/div><\/div><\/div>","protected":false},"excerpt":{"rendered":"<p>Schamanismus Die Verbindung zur ureigenen Spiritualit\u00e4t, im Einklang sein mit den Wurzeln unserer Kultur, das Wahrnehmen von allem was ist und lebt sowie das Weitergeben des Wissens unserer Ahnen. &#8211; Das ist f\u00fcr mich gelebter Schamanismus.<\/p>\n","protected":false},"author":1,"featured_media":0,"parent":323,"menu_order":3,"comment_status":"closed","ping_status":"closed","template":"","meta":{"ngg_post_thumbnail":0,"footnotes":""},"class_list":["post-329","page","type-page","status-publish","hentry"],"_links":{"self":[{"href":"https:\/\/annamcara.ch\/htm\/wp-json\/wp\/v2\/pages\/329","targetHints":{"allow":["GET"]}}],"collection":[{"href":"https:\/\/annamcara.ch\/htm\/wp-json\/wp\/v2\/pages"}],"about":[{"href":"https:\/\/annamcara.ch\/htm\/wp-json\/wp\/v2\/types\/page"}],"author":[{"embeddable":true,"href":"https:\/\/annamcara.ch\/htm\/wp-json\/wp\/v2\/users\/1"}],"replies":[{"embeddable":true,"href":"https:\/\/annamcara.ch\/htm\/wp-json\/wp\/v2\/comments?post=329"}],"version-history":[{"count":125,"href":"https:\/\/annamcara.ch\/htm\/wp-json\/wp\/v2\/pages\/329\/revisions"}],"predecessor-version":[{"id":4033,"href":"https:\/\/annamcara.ch\/htm\/wp-json\/wp\/v2\/pages\/329\/revisions\/4033"}],"up":[{"embeddable":true,"href":"https:\/\/annamcara.ch\/htm\/wp-json\/wp\/v2\/pages\/323"}],"wp:attachment":[{"href":"https:\/\/annamcara.ch\/htm\/wp-json\/wp\/v2\/media?parent=329"}],"curies":[{"name":"wp","href":"https:\/\/api.w.org\/{rel}","templated":true}]}}