{"id":2312,"date":"2018-11-26T08:58:17","date_gmt":"2018-11-26T08:58:17","guid":{"rendered":"https:\/\/annamcara.ch\/htm\/?page_id=2312"},"modified":"2022-11-01T05:22:29","modified_gmt":"2022-11-01T04:22:29","slug":"schmuck","status":"publish","type":"page","link":"https:\/\/annamcara.ch\/htm\/produkte\/schmuck\/","title":{"rendered":"Schmuck"},"content":{"rendered":"<div id=\"pl-2312\"  class=\"panel-layout\" ><div id=\"pg-2312-0\"  class=\"panel-grid panel-no-style\" ><div id=\"pgc-2312-0-0\"  class=\"panel-grid-cell\" ><div id=\"panel-2312-0-0-0\" class=\"so-panel widget widget_sow-editor panel-first-child panel-last-child\" data-index=\"0\" ><div\n\t\t\t\n\t\t\tclass=\"so-widget-sow-editor so-widget-sow-editor-base\"\n\t\t\t\n\t\t>\n<div class=\"siteorigin-widget-tinymce textwidget\">\n\t<h3 style=\"color: #000099;\"><strong>Einzelst\u00fccke - Geschenke der Natur<\/strong><\/h3>\n<p>Wer aufmerksam mit und in der Natur lebt, der entdeckt und sp\u00fcrt sehr viel. Und mit der Zeit begann ich, all die wundervollen Geschenke, welche die Natur mir zu F\u00fcssen legte, zu sammeln. <\/p>\n<\/div>\n<\/div><\/div><\/div><\/div><div id=\"pg-2312-1\"  class=\"panel-grid panel-no-style\" ><div id=\"pgc-2312-1-0\"  class=\"panel-grid-cell\" ><div id=\"panel-2312-1-0-0\" class=\"so-panel widget widget_sow-image panel-first-child panel-last-child\" data-index=\"1\" ><div\n\t\t\t\n\t\t\tclass=\"so-widget-sow-image so-widget-sow-image-default-8b5b6f678277-2312\"\n\t\t\t\n\t\t>\n<div class=\"sow-image-container\">\n\t\t<img \n\tsrc=\"https:\/\/annamcara.ch\/htm\/wp-content\/uploads\/AnnamCara-Angebot-Schmuck-Start-Spruchbild.png\" width=\"900\" height=\"600\" srcset=\"https:\/\/annamcara.ch\/htm\/wp-content\/uploads\/AnnamCara-Angebot-Schmuck-Start-Spruchbild.png 900w, https:\/\/annamcara.ch\/htm\/wp-content\/uploads\/AnnamCara-Angebot-Schmuck-Start-Spruchbild-300x200.png 300w, https:\/\/annamcara.ch\/htm\/wp-content\/uploads\/AnnamCara-Angebot-Schmuck-Start-Spruchbild-768x512.png 768w, https:\/\/annamcara.ch\/htm\/wp-content\/uploads\/AnnamCara-Angebot-Schmuck-Start-Spruchbild-272x182.png 272w\" sizes=\"(max-width: 706px) 89vw, (max-width: 767px) 82vw, 740px\" title=\"Foto - Angebot - Schmuckst\u00fccke - Spruchbild - Natur &amp; Gl\u00fcck - Anna&#039;m&#039;Cara\" alt=\"Foto - Angebot - Schmuckst\u00fccke - Spruchbild - Natur &amp; Gl\u00fcck - Anna&#039;m&#039;Cara\" \t\tclass=\"so-widget-image\"\/>\n\t<\/div>\n\n<\/div><\/div><\/div><div id=\"pgc-2312-1-1\"  class=\"panel-grid-cell\" ><div id=\"panel-2312-1-1-0\" class=\"so-panel widget widget_sow-image panel-first-child panel-last-child\" data-index=\"2\" ><div\n\t\t\t\n\t\t\tclass=\"so-widget-sow-image so-widget-sow-image-default-8b5b6f678277-2312\"\n\t\t\t\n\t\t>\n<div class=\"sow-image-container\">\n\t\t<img \n\tsrc=\"https:\/\/annamcara.ch\/htm\/wp-content\/uploads\/AnnamCara-Angebot-Schmuck-Start-Weisheit.png\" width=\"900\" height=\"600\" srcset=\"https:\/\/annamcara.ch\/htm\/wp-content\/uploads\/AnnamCara-Angebot-Schmuck-Start-Weisheit.png 900w, https:\/\/annamcara.ch\/htm\/wp-content\/uploads\/AnnamCara-Angebot-Schmuck-Start-Weisheit-300x200.png 300w, https:\/\/annamcara.ch\/htm\/wp-content\/uploads\/AnnamCara-Angebot-Schmuck-Start-Weisheit-768x512.png 768w, https:\/\/annamcara.ch\/htm\/wp-content\/uploads\/AnnamCara-Angebot-Schmuck-Start-Weisheit-272x182.png 272w\" sizes=\"(max-width: 706px) 89vw, (max-width: 767px) 82vw, 740px\" title=\"Foto - Angebot - Schmuckst\u00fccke - Weisheit - Natur &amp; Gl\u00fcck - Anna&#039;m&#039;Cara\" alt=\"Foto - Angebot - Schmuckst\u00fccke - Weisheit - Natur &amp; Gl\u00fcck - Anna&#039;m&#039;Cara\" \t\tclass=\"so-widget-image\"\/>\n\t<\/div>\n\n<\/div><\/div><\/div><\/div><div id=\"pg-2312-2\"  class=\"panel-grid panel-no-style\" ><div id=\"pgc-2312-2-0\"  class=\"panel-grid-cell\" ><div id=\"panel-2312-2-0-0\" class=\"so-panel widget widget_sow-editor panel-first-child panel-last-child\" data-index=\"3\" ><div\n\t\t\t\n\t\t\tclass=\"so-widget-sow-editor so-widget-sow-editor-base\"\n\t\t\t\n\t\t>\n<div class=\"siteorigin-widget-tinymce textwidget\">\n\t<p>Unter dem Label der <strong>akg Design<\/strong> entstehen aus den Geschenken der Natur, dem Meer und den Elementen individuelle und auf Wunsch personifizierte Schmuckst\u00fccke. Die Ideen dazu werden mir durch die Elementar- oder Naturwesen eingegeben, bzw. gezeigt. Sie w\u00fcnschen sich so, dass die Menschen sie wieder mehr wahrnehmen. Durch das Tragen der Schmuckunikate soll diese Achtsamkeit ihnen gegen\u00fcber gest\u00e4rkt werden.<\/p>\n<p>Lassen Sie sich verzaubern, sp\u00fcren Sie hin und \u00f6ffnen Sie Ihr Herz und Ihren Geist, f\u00fcr die Welt der Kleinsten und doch so Grossen. Ver\u00e4ndern wir unseren Blickwinkel, horchen wir hin und lassen wir uns mitnehmen, auf die wundersch\u00f6ne Reise in die Natur...<\/p>\n<\/div>\n<\/div><\/div><\/div><\/div><div id=\"pg-2312-3\"  class=\"panel-grid panel-no-style\" ><div id=\"pgc-2312-3-0\"  class=\"panel-grid-cell\" ><div id=\"panel-2312-3-0-0\" class=\"so-panel widget widget_sow-editor panel-first-child panel-last-child\" data-index=\"4\" ><div\n\t\t\t\n\t\t\tclass=\"so-widget-sow-editor so-widget-sow-editor-base\"\n\t\t\t\n\t\t>\n<div class=\"siteorigin-widget-tinymce textwidget\">\n\t<hr \/>\n<\/div>\n<\/div><\/div><\/div><\/div><div id=\"pg-2312-4\"  class=\"panel-grid panel-no-style\" ><div id=\"pgc-2312-4-0\"  class=\"panel-grid-cell\" ><div id=\"panel-2312-4-0-0\" class=\"so-panel widget widget_sow-editor panel-first-child\" data-index=\"5\" ><div\n\t\t\t\n\t\t\tclass=\"so-widget-sow-editor so-widget-sow-editor-base\"\n\t\t\t\n\t\t>\n<div class=\"siteorigin-widget-tinymce textwidget\">\n\t<h3 style=\"color: #000099; text-align: center;\"><a style=\"color: #000099; font-family: 'Century Gothic';\" title=\"Link zur Detailseite der Selen-Mala - eine Kette mit Pers\u00f6nlichkeit\" href=\"https:\/\/annamcara.ch\/htm\/praxis\/schmuck\/seelenmala\/\"><strong>Seelen - Mala<\/strong><\/a><\/h3>\n<\/div>\n<\/div><\/div><div id=\"panel-2312-4-0-1\" class=\"so-panel widget widget_sow-image\" data-index=\"6\" ><div\n\t\t\t\n\t\t\tclass=\"so-widget-sow-image so-widget-sow-image-default-8b5b6f678277-2312\"\n\t\t\t\n\t\t>\n<div class=\"sow-image-container\">\n\t\t\t<a href=\"https:\/\/annamcara.ch\/htm\/produkte\/schmuck\/seelenmala\/\"\n\t\t\t\t\t>\n\t\t\t<img \n\tsrc=\"https:\/\/annamcara.ch\/htm\/wp-content\/uploads\/AnnamCaraakgDesign-Produkte-Schmuck.jpg\" width=\"900\" height=\"600\" srcset=\"https:\/\/annamcara.ch\/htm\/wp-content\/uploads\/AnnamCaraakgDesign-Produkte-Schmuck.jpg 900w, https:\/\/annamcara.ch\/htm\/wp-content\/uploads\/AnnamCaraakgDesign-Produkte-Schmuck-416x277.jpg 416w, https:\/\/annamcara.ch\/htm\/wp-content\/uploads\/AnnamCaraakgDesign-Produkte-Schmuck-300x200.jpg 300w, https:\/\/annamcara.ch\/htm\/wp-content\/uploads\/AnnamCaraakgDesign-Produkte-Schmuck-768x512.jpg 768w, https:\/\/annamcara.ch\/htm\/wp-content\/uploads\/AnnamCaraakgDesign-Produkte-Schmuck-272x182.jpg 272w\" sizes=\"(max-width: 706px) 89vw, (max-width: 767px) 82vw, 740px\" title=\"Foto - Produkte - Schmuck - Seelenmalas - Anna&#039;mCara &amp; akg Design\" alt=\"Foto - Produkte - Schmuck - Seelenmalas - Anna&#039;mCara &amp; akg Design\" \t\tclass=\"so-widget-image\"\/>\n\t\t\t<\/a><\/div>\n\n<\/div><\/div><div id=\"panel-2312-4-0-2\" class=\"so-panel widget widget_sow-editor panel-last-child\" data-index=\"7\" ><div\n\t\t\t\n\t\t\tclass=\"so-widget-sow-editor so-widget-sow-editor-base\"\n\t\t\t\n\t\t>\n<div class=\"siteorigin-widget-tinymce textwidget\">\n\t<p><span style=\"color: #000099;\"><a style=\"color: #000099;\" title=\"Link zur Detailseite der Seelen-Mala - eine Kette mit Pers\u00f6nlichkeit\" href=\"https:\/\/annamcara.ch\/htm\/praxis\/schmuck\/seelenmala\/\"><strong>Seelen - Mala<\/strong><\/a><\/span> - Handgekn\u00fcpfte, personifizierte Mala, kraftvoller Begleiter & Seelenfreund.<\/p>\n<\/div>\n<\/div><\/div><\/div><div id=\"pgc-2312-4-1\"  class=\"panel-grid-cell\" ><div id=\"panel-2312-4-1-0\" class=\"so-panel widget widget_sow-editor panel-first-child\" data-index=\"8\" ><div\n\t\t\t\n\t\t\tclass=\"so-widget-sow-editor so-widget-sow-editor-base\"\n\t\t\t\n\t\t>\n<div class=\"siteorigin-widget-tinymce textwidget\">\n\t<h3 style=\"color: #000099; text-align: center;\"><strong>Schwarzsalz-Schutzanh\u00e4nger<\/strong><\/h3>\n<\/div>\n<\/div><\/div><div id=\"panel-2312-4-1-1\" class=\"so-panel widget widget_sow-image\" data-index=\"9\" ><div\n\t\t\t\n\t\t\tclass=\"so-widget-sow-image so-widget-sow-image-default-8b5b6f678277-2312\"\n\t\t\t\n\t\t>\n<div class=\"sow-image-container\">\n\t\t<img \n\tsrc=\"https:\/\/annamcara.ch\/htm\/wp-content\/uploads\/AnnamCaraakgDesign-Schwarzsalz-Schutz-Amulett.jpg\" width=\"900\" height=\"600\" srcset=\"https:\/\/annamcara.ch\/htm\/wp-content\/uploads\/AnnamCaraakgDesign-Schwarzsalz-Schutz-Amulett.jpg 900w, https:\/\/annamcara.ch\/htm\/wp-content\/uploads\/AnnamCaraakgDesign-Schwarzsalz-Schutz-Amulett-416x277.jpg 416w, https:\/\/annamcara.ch\/htm\/wp-content\/uploads\/AnnamCaraakgDesign-Schwarzsalz-Schutz-Amulett-300x200.jpg 300w, https:\/\/annamcara.ch\/htm\/wp-content\/uploads\/AnnamCaraakgDesign-Schwarzsalz-Schutz-Amulett-768x512.jpg 768w, https:\/\/annamcara.ch\/htm\/wp-content\/uploads\/AnnamCaraakgDesign-Schwarzsalz-Schutz-Amulett-272x182.jpg 272w\" sizes=\"(max-width: 706px) 89vw, (max-width: 767px) 82vw, 740px\" title=\"Anna&#039;mCara &amp; akgDesign - Produkt - Schmuck - Schwarzsalz-Schutzanh\u00e4nger - Foto\" alt=\"Anna&#039;mCara &amp; akgDesign - Produkt - Schmuck - Schwarzsalz-Schutzanh\u00e4nger - Foto\" \t\tclass=\"so-widget-image\"\/>\n\t<\/div>\n\n<\/div><\/div><div id=\"panel-2312-4-1-2\" class=\"so-panel widget widget_sow-editor panel-last-child\" data-index=\"10\" ><div\n\t\t\t\n\t\t\tclass=\"so-widget-sow-editor so-widget-sow-editor-base\"\n\t\t\t\n\t\t>\n<div class=\"siteorigin-widget-tinymce textwidget\">\n\t<p><span style=\"color: #000099;\"><strong>Schutz-Schild<\/strong><\/span> - Schwarzsalz, zu besonderen Mondkonstellationen hergestellt zu deinem h\u00f6chsten Schutz.<\/p>\n<\/div>\n<\/div><\/div><\/div><div id=\"pgc-2312-4-2\"  class=\"panel-grid-cell\" ><div id=\"panel-2312-4-2-0\" class=\"so-panel widget widget_sow-editor panel-first-child\" data-index=\"11\" ><div\n\t\t\t\n\t\t\tclass=\"so-widget-sow-editor so-widget-sow-editor-base\"\n\t\t\t\n\t\t>\n<div class=\"siteorigin-widget-tinymce textwidget\">\n\t<h3 style=\"text-align: center;\"><a style=\"color: #000099; font-family: 'Century Gothic';\" title=\"Link zur Detailseite der Dervenn mae Amulette\" href=\"https:\/\/annamcara.ch\/htm\/angebot\/schmuckstuecke\/dervenn-mae-anhaenger\/\"><strong>Dervenn mae - Anh\u00e4nger<\/strong><\/a><\/h3>\n<\/div>\n<\/div><\/div><div id=\"panel-2312-4-2-1\" class=\"so-panel widget widget_sow-image\" data-index=\"12\" ><div\n\t\t\t\n\t\t\tclass=\"so-widget-sow-image so-widget-sow-image-default-8b5b6f678277-2312\"\n\t\t\t\n\t\t>\n<div class=\"sow-image-container\">\n\t\t\t<a href=\"https:\/\/annamcara.ch\/htm\/produkte\/schmuck\/dervenn-mae-anhaenger\/\"\n\t\t\t\t\t>\n\t\t\t<img \n\tsrc=\"https:\/\/annamcara.ch\/htm\/wp-content\/uploads\/AnnamCara-Schmuck-DervennMae-Anhaenger.jpg\" width=\"900\" height=\"600\" srcset=\"https:\/\/annamcara.ch\/htm\/wp-content\/uploads\/AnnamCara-Schmuck-DervennMae-Anhaenger.jpg 900w, https:\/\/annamcara.ch\/htm\/wp-content\/uploads\/AnnamCara-Schmuck-DervennMae-Anhaenger-300x200.jpg 300w, https:\/\/annamcara.ch\/htm\/wp-content\/uploads\/AnnamCara-Schmuck-DervennMae-Anhaenger-768x512.jpg 768w, https:\/\/annamcara.ch\/htm\/wp-content\/uploads\/AnnamCara-Schmuck-DervennMae-Anhaenger-272x182.jpg 272w\" sizes=\"(max-width: 706px) 89vw, (max-width: 767px) 82vw, 740px\" title=\"Foto - Angebot - Schmuck - Dervenn Mae-Anh\u00e4nger - Anna&#039;m&#039;Cara\" alt=\"Foto - Angebot - Schmuck - Dervenn Mae-Anh\u00e4nger - Anna&#039;m&#039;Cara\" \t\tclass=\"so-widget-image\"\/>\n\t\t\t<\/a><\/div>\n\n<\/div><\/div><div id=\"panel-2312-4-2-2\" class=\"so-panel widget widget_sow-editor panel-last-child\" data-index=\"13\" ><div\n\t\t\t\n\t\t\tclass=\"so-widget-sow-editor so-widget-sow-editor-base\"\n\t\t\t\n\t\t>\n<div class=\"siteorigin-widget-tinymce textwidget\">\n\t<p><a style=\"color: #000099;\" title=\"Link zur Detailseite der Dervenn mae Amulette\" href=\"https:\/\/annamcara.ch\/htm\/angebot\/schmuckstuecke\/dervenn-mae-anhaenger\/\"><strong>Eichel Stein<\/strong><\/a> - Kleine Edelstein-Eier mit versilberten Eichelk\u00f6pfchen werden zu hilfreichen, wegweisenden Begleitern.<\/p>\n<\/div>\n<\/div><\/div><\/div><\/div><div id=\"pg-2312-5\"  class=\"panel-grid panel-no-style\" ><div id=\"pgc-2312-5-0\"  class=\"panel-grid-cell\" ><div id=\"panel-2312-5-0-0\" class=\"so-panel widget widget_sow-editor panel-first-child panel-last-child\" data-index=\"14\" ><div\n\t\t\t\n\t\t\tclass=\"so-widget-sow-editor so-widget-sow-editor-base\"\n\t\t\t\n\t\t>\n<div class=\"siteorigin-widget-tinymce textwidget\">\n\t<hr \/>\n<\/div>\n<\/div><\/div><\/div><\/div><div id=\"pg-2312-6\"  class=\"panel-grid panel-no-style\" ><div id=\"pgc-2312-6-0\"  class=\"panel-grid-cell\" ><div id=\"panel-2312-6-0-0\" class=\"so-panel widget widget_sow-editor panel-first-child\" data-index=\"15\" ><div\n\t\t\t\n\t\t\tclass=\"so-widget-sow-editor so-widget-sow-editor-base\"\n\t\t\t\n\t\t>\n<div class=\"siteorigin-widget-tinymce textwidget\">\n\t<h3 style=\"color: #000099; text-align: center;\"><strong>Baumperlen-Anh\u00e4nger<\/strong><\/h3>\n<\/div>\n<\/div><\/div><div id=\"panel-2312-6-0-1\" class=\"so-panel widget widget_sow-image\" data-index=\"16\" ><div\n\t\t\t\n\t\t\tclass=\"so-widget-sow-image so-widget-sow-image-default-8b5b6f678277-2312\"\n\t\t\t\n\t\t>\n<div class=\"sow-image-container\">\n\t\t<img \n\tsrc=\"https:\/\/annamcara.ch\/htm\/wp-content\/uploads\/AnnamCaraakgDesign-Produkte-Schmuck-Baumperlen.jpg\" width=\"900\" height=\"600\" srcset=\"https:\/\/annamcara.ch\/htm\/wp-content\/uploads\/AnnamCaraakgDesign-Produkte-Schmuck-Baumperlen.jpg 900w, https:\/\/annamcara.ch\/htm\/wp-content\/uploads\/AnnamCaraakgDesign-Produkte-Schmuck-Baumperlen-416x277.jpg 416w, https:\/\/annamcara.ch\/htm\/wp-content\/uploads\/AnnamCaraakgDesign-Produkte-Schmuck-Baumperlen-300x200.jpg 300w, https:\/\/annamcara.ch\/htm\/wp-content\/uploads\/AnnamCaraakgDesign-Produkte-Schmuck-Baumperlen-768x512.jpg 768w, https:\/\/annamcara.ch\/htm\/wp-content\/uploads\/AnnamCaraakgDesign-Produkte-Schmuck-Baumperlen-272x182.jpg 272w\" sizes=\"(max-width: 706px) 89vw, (max-width: 767px) 82vw, 740px\" title=\"Anna&#039;mCara &amp; akgDesign - Produkt - Schmuck - Baumperlen-Anh\u00e4nger - Foto\" alt=\"Anna&#039;mCara &amp; akgDesign - Produkt - Schmuck - Baumperlen-Anh\u00e4nger - Foto\" \t\tclass=\"so-widget-image\"\/>\n\t<\/div>\n\n<\/div><\/div><div id=\"panel-2312-6-0-2\" class=\"so-panel widget widget_sow-editor panel-last-child\" data-index=\"17\" ><div\n\t\t\t\n\t\t\tclass=\"so-widget-sow-editor so-widget-sow-editor-base\"\n\t\t\t\n\t\t>\n<div class=\"siteorigin-widget-tinymce textwidget\">\n\t<p><span style=\"color: #000099;\"><strong>Pure Heilkraft<\/strong><\/span> - Die Selbstheilungkraft und die Energie der jeweiligen Baumart geb\u00fcndelt zu deinem h\u00f6chsten Wohl. <\/p>\n<\/div>\n<\/div><\/div><\/div><div id=\"pgc-2312-6-1\"  class=\"panel-grid-cell\" ><div id=\"panel-2312-6-1-0\" class=\"so-panel widget widget_sow-editor panel-first-child\" data-index=\"18\" ><div\n\t\t\t\n\t\t\tclass=\"so-widget-sow-editor so-widget-sow-editor-base\"\n\t\t\t\n\t\t>\n<div class=\"siteorigin-widget-tinymce textwidget\">\n\t<h3 style=\"color: #000099; text-align: center;\"><strong>Runen-Amulett<\/strong><\/h3>\n<\/div>\n<\/div><\/div><div id=\"panel-2312-6-1-1\" class=\"so-panel widget widget_sow-image\" data-index=\"19\" ><div\n\t\t\t\n\t\t\tclass=\"so-widget-sow-image so-widget-sow-image-default-8b5b6f678277-2312\"\n\t\t\t\n\t\t>\n<div class=\"sow-image-container\">\n\t\t<img \n\tsrc=\"https:\/\/annamcara.ch\/htm\/wp-content\/uploads\/AnnamCara-Schmuck-Runen-Amulett.jpg\" width=\"900\" height=\"600\" srcset=\"https:\/\/annamcara.ch\/htm\/wp-content\/uploads\/AnnamCara-Schmuck-Runen-Amulett.jpg 900w, https:\/\/annamcara.ch\/htm\/wp-content\/uploads\/AnnamCara-Schmuck-Runen-Amulett-300x200.jpg 300w, https:\/\/annamcara.ch\/htm\/wp-content\/uploads\/AnnamCara-Schmuck-Runen-Amulett-768x512.jpg 768w, https:\/\/annamcara.ch\/htm\/wp-content\/uploads\/AnnamCara-Schmuck-Runen-Amulett-272x182.jpg 272w\" sizes=\"(max-width: 706px) 89vw, (max-width: 767px) 82vw, 740px\" title=\"Foto - Angebot - Schmuck - Runen-Amulett - Anna&#039;m&#039;Cara\" alt=\"Foto - Angebot - Schmuck - Runen-Amulett - Anna&#039;m&#039;Cara\" \t\tclass=\"so-widget-image\"\/>\n\t<\/div>\n\n<\/div><\/div><div id=\"panel-2312-6-1-2\" class=\"so-panel widget widget_sow-editor panel-last-child\" data-index=\"20\" ><div\n\t\t\t\n\t\t\tclass=\"so-widget-sow-editor so-widget-sow-editor-base\"\n\t\t\t\n\t\t>\n<div class=\"siteorigin-widget-tinymce textwidget\">\n\t<p><span style=\"color: #000099;\"><strong>Pers\u00f6nliches Runen-Amulett<\/strong><\/span> - Aus Austern, Runen und Fantasie entstehen kraftvolle, edle und personifizierte Amulette.<\/p>\n<\/div>\n<\/div><\/div><\/div><div id=\"pgc-2312-6-2\"  class=\"panel-grid-cell\" ><div id=\"panel-2312-6-2-0\" class=\"so-panel widget widget_sow-editor panel-first-child\" data-index=\"21\" ><div\n\t\t\t\n\t\t\tclass=\"so-widget-sow-editor so-widget-sow-editor-base\"\n\t\t\t\n\t\t>\n<div class=\"siteorigin-widget-tinymce textwidget\">\n\t<h3 style=\"color: #000099; text-align: center;\"><strong>Schiff ahoi<\/strong><\/h3>\n<\/div>\n<\/div><\/div><div id=\"panel-2312-6-2-1\" class=\"so-panel widget widget_sow-image\" data-index=\"22\" ><div\n\t\t\t\n\t\t\tclass=\"so-widget-sow-image so-widget-sow-image-default-8b5b6f678277-2312\"\n\t\t\t\n\t\t>\n<div class=\"sow-image-container\">\n\t\t<img \n\tsrc=\"https:\/\/annamcara.ch\/htm\/wp-content\/uploads\/AmC-Schiff-Ahoi.jpg\" width=\"900\" height=\"600\" srcset=\"https:\/\/annamcara.ch\/htm\/wp-content\/uploads\/AmC-Schiff-Ahoi.jpg 900w, https:\/\/annamcara.ch\/htm\/wp-content\/uploads\/AmC-Schiff-Ahoi-300x200.jpg 300w, https:\/\/annamcara.ch\/htm\/wp-content\/uploads\/AmC-Schiff-Ahoi-768x512.jpg 768w, https:\/\/annamcara.ch\/htm\/wp-content\/uploads\/AmC-Schiff-Ahoi-272x182.jpg 272w\" sizes=\"(max-width: 706px) 89vw, (max-width: 767px) 82vw, 740px\" title=\"Foto - Angebot - Schmuck - Schiff ahoi - Anna&#039;mCara\" alt=\"Foto - Angebot - Schmuck - Schiff ahoi - Anna&#039;mCara\" \t\tclass=\"so-widget-image\"\/>\n\t<\/div>\n\n<\/div><\/div><div id=\"panel-2312-6-2-2\" class=\"so-panel widget widget_sow-editor panel-last-child\" data-index=\"23\" ><div\n\t\t\t\n\t\t\tclass=\"so-widget-sow-editor so-widget-sow-editor-base\"\n\t\t\t\n\t\t>\n<div class=\"siteorigin-widget-tinymce textwidget\">\n\t<p><span style=\"color: #000099;\"><strong>Schiff ahoi - Anh\u00e4nger<\/strong><\/span> - Die Segel sind gehisst - der Anh\u00e4nger (Muschelst\u00fccke versilbert) f\u00fcr Segler, Meerliebende und andere Abenteurer.<\/p>\n<\/div>\n<\/div><\/div><\/div><\/div><div id=\"pg-2312-7\"  class=\"panel-grid panel-no-style\" ><div id=\"pgc-2312-7-0\"  class=\"panel-grid-cell\" ><div id=\"panel-2312-7-0-0\" class=\"so-panel widget widget_sow-editor panel-first-child panel-last-child\" data-index=\"24\" ><div\n\t\t\t\n\t\t\tclass=\"so-widget-sow-editor so-widget-sow-editor-base\"\n\t\t\t\n\t\t>\n<div class=\"siteorigin-widget-tinymce textwidget\">\n\t<hr \/>\n<\/div>\n<\/div><\/div><\/div><\/div><div id=\"pg-2312-8\"  class=\"panel-grid panel-no-style\" ><div id=\"pgc-2312-8-0\"  class=\"panel-grid-cell\" ><div id=\"panel-2312-8-0-0\" class=\"so-panel widget widget_sow-editor panel-first-child panel-last-child\" data-index=\"25\" ><div\n\t\t\t\n\t\t\tclass=\"so-widget-sow-editor so-widget-sow-editor-base\"\n\t\t\t\n\t\t>\n<div class=\"siteorigin-widget-tinymce textwidget\">\n\t<h3 style=\"color: #000099;\"><strong>Fundst\u00fccke aus der Natur & Gebrauchtes<\/strong><\/h3>\n<p>Ich hab es schon als Kind geliebt in der Kommode meiner Grossmutter zu st\u00f6bern. Was f\u00fcr Sch\u00e4tze hatte sie darin verborgen. Da gab es so viel zu staunen. Und wenn sie erst ihr N\u00e4hkistchen \u00f6ffnete... Ach ich merke gerade, ich komme schon wieder ins Schw\u00e4rmen. Erinnerungen kommen hoch, sogar der Duft steigt mir in die Nase.<br \/>\nApropos Duft, ich mag es, stundenlang dem Strand entlang zu laufen, den Duft der Algen und die Meeresbrise einzuatmen. Oder durch den verregneten Wald zu schlendern, den Duft von nasser Erde, Moos und Laub einzuatmen und die kleinen Wesen, ihr Glitzern, zu erkennen und ihre Geschenke anzunehmen. Ja, lange Spazierg\u00e4nge, bei denen man so ganz bei sich ist, in seine Gedanken versunken. Und auch da findet man ganz unglaublich sch\u00f6ne Dinge. Rohmaterial f\u00fcr meine Schmuckst\u00fccke.<\/p>\n<\/div>\n<\/div><\/div><\/div><\/div><div id=\"pg-2312-9\"  class=\"panel-grid panel-no-style\" ><div id=\"pgc-2312-9-0\"  class=\"panel-grid-cell\" ><div id=\"panel-2312-9-0-0\" class=\"so-panel widget widget_sow-image panel-first-child\" data-index=\"26\" ><div\n\t\t\t\n\t\t\tclass=\"so-widget-sow-image so-widget-sow-image-default-8b5b6f678277-2312\"\n\t\t\t\n\t\t>\n<div class=\"sow-image-container\">\n\t\t<img \n\tsrc=\"https:\/\/annamcara.ch\/htm\/wp-content\/uploads\/AnnamCara-Angebot-Schmuck-Materialien-Spruchbild.png\" width=\"900\" height=\"600\" srcset=\"https:\/\/annamcara.ch\/htm\/wp-content\/uploads\/AnnamCara-Angebot-Schmuck-Materialien-Spruchbild.png 900w, https:\/\/annamcara.ch\/htm\/wp-content\/uploads\/AnnamCara-Angebot-Schmuck-Materialien-Spruchbild-300x200.png 300w, https:\/\/annamcara.ch\/htm\/wp-content\/uploads\/AnnamCara-Angebot-Schmuck-Materialien-Spruchbild-768x512.png 768w, https:\/\/annamcara.ch\/htm\/wp-content\/uploads\/AnnamCara-Angebot-Schmuck-Materialien-Spruchbild-272x182.png 272w\" sizes=\"(max-width: 706px) 89vw, (max-width: 767px) 82vw, 740px\" title=\"Foto - Produkte - Schmuckst\u00fccke - Materialien - Anna&#039;m&#039;Cara\" alt=\"Foto - Produkte - Schmuckst\u00fccke - Materialien - Anna&#039;m&#039;Cara\" \t\tclass=\"so-widget-image\"\/>\n\t<\/div>\n\n<\/div><\/div><div id=\"panel-2312-9-0-1\" class=\"so-panel widget widget_sow-editor panel-last-child\" data-index=\"27\" ><div\n\t\t\t\n\t\t\tclass=\"so-widget-sow-editor so-widget-sow-editor-base\"\n\t\t\t\n\t\t>\n<div class=\"siteorigin-widget-tinymce textwidget\">\n\t<\/div>\n<\/div><\/div><\/div><div id=\"pgc-2312-9-1\"  class=\"panel-grid-cell\" ><div id=\"panel-2312-9-1-0\" class=\"so-panel widget widget_sow-image panel-first-child panel-last-child\" data-index=\"28\" ><div\n\t\t\t\n\t\t\tclass=\"so-widget-sow-image so-widget-sow-image-default-8b5b6f678277-2312\"\n\t\t\t\n\t\t>\n<div class=\"sow-image-container\">\n\t\t<img \n\tsrc=\"https:\/\/annamcara.ch\/htm\/wp-content\/uploads\/AnnamCara-Angebot-Schmuck-Materialien-Weisheit.png\" width=\"900\" height=\"600\" srcset=\"https:\/\/annamcara.ch\/htm\/wp-content\/uploads\/AnnamCara-Angebot-Schmuck-Materialien-Weisheit.png 900w, https:\/\/annamcara.ch\/htm\/wp-content\/uploads\/AnnamCara-Angebot-Schmuck-Materialien-Weisheit-300x200.png 300w, https:\/\/annamcara.ch\/htm\/wp-content\/uploads\/AnnamCara-Angebot-Schmuck-Materialien-Weisheit-768x512.png 768w, https:\/\/annamcara.ch\/htm\/wp-content\/uploads\/AnnamCara-Angebot-Schmuck-Materialien-Weisheit-272x182.png 272w\" sizes=\"(max-width: 706px) 89vw, (max-width: 767px) 82vw, 740px\" title=\"Weisheit - Produkte - Schmuckst\u00fccke - Materialien - Anna&#039;m&#039;Cara\" alt=\"Weisheit - Produkte - Schmuckst\u00fccke - Materialien - Anna&#039;m&#039;Cara\" \t\tclass=\"so-widget-image\"\/>\n\t<\/div>\n\n<\/div><\/div><\/div><\/div><\/div>","protected":false},"excerpt":{"rendered":"<p>Einzelst\u00fccke &#8211; Geschenke der Natur Wer aufmerksam mit und in der Natur lebt, der entdeckt und sp\u00fcrt sehr viel. Und mit der Zeit begann ich, all die wundervollen Geschenke, welche die Natur mir zu F\u00fcssen legte, zu sammeln.<\/p>\n","protected":false},"author":1,"featured_media":0,"parent":12571,"menu_order":1,"comment_status":"closed","ping_status":"closed","template":"","meta":{"ngg_post_thumbnail":0,"footnotes":""},"class_list":["post-2312","page","type-page","status-publish","hentry"],"_links":{"self":[{"href":"https:\/\/annamcara.ch\/htm\/wp-json\/wp\/v2\/pages\/2312","targetHints":{"allow":["GET"]}}],"collection":[{"href":"https:\/\/annamcara.ch\/htm\/wp-json\/wp\/v2\/pages"}],"about":[{"href":"https:\/\/annamcara.ch\/htm\/wp-json\/wp\/v2\/types\/page"}],"author":[{"embeddable":true,"href":"https:\/\/annamcara.ch\/htm\/wp-json\/wp\/v2\/users\/1"}],"replies":[{"embeddable":true,"href":"https:\/\/annamcara.ch\/htm\/wp-json\/wp\/v2\/comments?post=2312"}],"version-history":[{"count":152,"href":"https:\/\/annamcara.ch\/htm\/wp-json\/wp\/v2\/pages\/2312\/revisions"}],"predecessor-version":[{"id":14927,"href":"https:\/\/annamcara.ch\/htm\/wp-json\/wp\/v2\/pages\/2312\/revisions\/14927"}],"up":[{"embeddable":true,"href":"https:\/\/annamcara.ch\/htm\/wp-json\/wp\/v2\/pages\/12571"}],"wp:attachment":[{"href":"https:\/\/annamcara.ch\/htm\/wp-json\/wp\/v2\/media?parent=2312"}],"curies":[{"name":"wp","href":"https:\/\/api.w.org\/{rel}","templated":true}]}}